5
Let i = -480 - -937. What is the hundreds digit of i?
4
Let r be 1024 - (1*-2 - 0). Suppose -3*l = 2*l - 390. What is the units digit of r/l - (-4)/(-26)?
3
Let w be (-6)/(-15) + (-726)/(-10). Let b = w + -46. What is the tens digit of b?
2
Let u(h) = h**2 + 4*h - 1. Let w be -4*9/24*-2. Suppose 5*g - 40 = s + w*s, -s - 9 = -g. What is the tens digit of u(g)?
3
Suppose -6*h + 618 = 18. Let u = h + -39. What is the units digit of u?
1
Suppose -309 = q - 4*y - 2775, -2*q + 7*y = -4928. What is the thousands digit of q?
2
Suppose 2*s - 2*m = -s - 72, -3*m = -s - 17. Let g = 77 + s. Suppose -5*u + 74 = -g. What is the tens digit of u?
2
Let n(s) = s**3 + 5*s**2 - s - 3. Let q(l) = l**2 + 2*l - 5. Let y be q(0). What is the units digit of n(y)?
2
What is the hundreds digit of (2 - 414/(-8))*(-8 - -12)?
2
Suppose 25 = -4*s + 97. Let z = 83 - 81. What is the tens digit of (z + 1)*192/s?
3
Let a(s) = -29*s**3 + 5*s**2 + 6*s + 6. Let k be a(-3). Suppose 4*j = 4*q - 816, k = q + 3*q + j. What is the units digit of q?
4
Let b(a) = 7*a**2 - 2*a - 55. Let k(z) = -6*z**2 + z + 56. Let u(t) = 4*b(t) + 5*k(t). What is the tens digit of u(0)?
6
Let v(j) = 29*j + 161. What is the units digit of v(11)?
0
Suppose -4*m + 3 = -2*a + 13, -11 = -5*a - 4*m. Suppose -a*i - 3*u + 47 = u, -55 = -5*i - 2*u. What is the units digit of i?
9
Let b(h) be the third derivative of h**5/12 - 3*h**4/8 + 2*h**3/3 - h**2. Let o be b(7). What is the units digit of (o/12)/(2/4)?
1
Suppose -16*n + 187 = -15*n. Let a = n - 111. What is the units digit of a?
6
Let k be (161 + -5)*12/8. Let u = k - 79. What is the units digit of u?
5
Let a(s) be the second derivative of s**4/12 - s**3/3 - 3*s**2 + s. Suppose -10 - 10 = 5*y. What is the tens digit of a(y)?
1
Suppose 21 = 2*f - 3*r, 3*f + 5 = -4*r - 6. Let d = f + 5. What is the units digit of d?
8
Suppose 0 = -2*m - 11 + 41. Suppose -265 = 10*t - m*t. What is the tens digit of t?
5
Suppose r - 99 = 4*l, 6 = -3*r + 3. Let m = -17 - l. What is the units digit of m?
8
Suppose 2*m + 27 = -m. Let s = m + 8. Let o = s + 3. What is the units digit of o?
2
Let u = -22 + 27. Suppose -l = u*l - 414. What is the units digit of l?
9
Let p = 699 + 1580. What is the units digit of p?
9
Suppose 3*u - 16 = -1. Suppose u*g = 3*g. Suppose 2*c - o - 6 = g, 0 = 6*c - c - 5*o - 15. What is the units digit of c?
3
Let z = -6005 + 10117. What is the thousands digit of z?
4
What is the units digit of (-81180)/(-27)*(3 + (-36)/20)?
8
Let z = 194 - 299. Let d(i) = 43*i - 317. Let r be d(6). Let l = r - z. What is the units digit of l?
6
Let z be (-2)/(-3)*(-4 + 1). Let s(x) = -4*x + 3. Let r(k) = 20*k - 16. Let y(g) = z*r(g) - 11*s(g). What is the units digit of y(7)?
7
Suppose 4*f - 5678 = -3*w - 824, 3*f = 4*w - 6447. What is the tens digit of w?
1
Let f(q) = q**3 + 3*q**2 - 2*q - 3. Let s be f(-3). Let v(l) = 100*l. What is the units digit of v(s)?
0
Let j = 2919 + -1687. What is the thousands digit of j?
1
Let m(i) = i**3 + 2*i + 5. Let x = 4 - 0. What is the tens digit of m(x)?
7
Suppose 0 = f + 4*x - 128, -4*f + 107 = 3*x - 353. Let i = -72 + f. What is the tens digit of i?
4
Let k(y) = -y**3 + 10*y**2 + 12*y + 20. Let b = 77 - 67. What is the units digit of k(b)?
0
Let l(v) = -7*v**2 + 13*v - 5. Let h be l(5). Let z = -69 - h. What is the tens digit of z?
4
What is the units digit of ((-867)/(-4) - -3)*(-8)/(-3)?
6
Suppose 5*j - 3*l + 51 = 0, 4*j + 0*l - l = -38. Let b = -7 - j. What is the tens digit of b/(3 - (-23)/(-8))?
1
Suppose -5*m + 4*t + 4593 = 0, 5*m = t + 4*t + 4595. What is the tens digit of m?
1
Let i(h) = h**3 + 7*h**2 - 10*h - 11. Let q be i(-8). Suppose 12 = -3*p, q*m - 499 - 15 = p. What is the tens digit of (-2)/6 - m/(-9)?
1
What is the tens digit of (34092/42)/(-6)*-7?
4
Let z(w) = -441*w + 102. What is the tens digit of z(-6)?
4
What is the units digit of ((-68)/(-12) - 5)*(1043 - 2)?
4
Let n(b) = -28*b + 53. What is the hundreds digit of n(-20)?
6
Suppose -h - 9*d + 1257 = -12*d, 5*h + d - 6221 = 0. What is the tens digit of h?
4
Let p(i) be the third derivative of i**5/5 + i**4/8 - i**3/3 + 2*i**2. What is the units digit of p(2)?
2
Let g be ((-8)/6)/(4/(-6)). Suppose -3*j - 477 = -3*f, -5*f = g*j - 319 - 469. What is the tens digit of f?
5
Suppose -21 = 9*i + 33. Let x = 46 + i. What is the tens digit of x?
4
Let t = 835 + -584. What is the hundreds digit of t?
2
Let d(f) = 66*f + 870. What is the hundreds digit of d(51)?
2
Let z(q) = 20*q**3 - 7*q**2 - 3*q + 7. What is the hundreds digit of z(3)?
4
Suppose 5*c = 3*q + 2*q + 20, -2*c + 4*q + 16 = 0. Suppose -4*h = -c*h - 100. What is the tens digit of h?
2
What is the hundreds digit of ((16/(-10))/1)/((-12)/4170)?
5
Let u = -167 - -312. Suppose -5*a + u = -x + 5*x, 180 = 5*a - 3*x. Suppose 0 = -a*q + 31*q + 8. What is the units digit of q?
4
Let j(t) = t**2 - 6*t + 2. Let y be j(3). What is the units digit of 1/(28/(-8)) - 79/y?
1
Let y = -53 - -50. What is the units digit of (y - -4)/((-2)/(-2)) + 292?
3
Let j(a) = -6*a - 9. Let o(i) = 6*i + 8. Let s(v) = -2*j(v) - 3*o(v). Let g be (-8)/60 - (-1936)/(-330). What is the units digit of s(g)?
0
Suppose 2*a - 3*a + 54 = 0. What is the units digit of a + 8 + -1 + -3?
8
Let b(c) = 35*c - 6. Let k(u) = u**2 - 9*u + 4. Let o be k(9). What is the units digit of b(o)?
4
Let j be 10 + -13 + -241 + (0 - -1). What is the units digit of (-1*4/(-3))/((-6)/j)?
4
Suppose -11*l = -10*l - 6. Let u = l + 0. Let a = -1 + u. What is the units digit of a?
5
Let q(x) = x**3 - 5*x**2 - 3*x + 3. Let s be q(5). Let g be 1*1/(-1)*s. Suppose -j + g = 1. What is the units digit of j?
1
Suppose 0 = 5*h - 4*h - 198. What is the units digit of h?
8
Suppose -o + 4996 = 3*r, -24940 = -5*o + 22*r - 17*r. What is the tens digit of o?
9
What is the tens digit of 9/45 + (-6338)/(-10)?
3
Let t(u) = 13*u**2 + 2*u - 3. Suppose 4 = f - z, 4*f + 4*z + 8 = -0*z. Let o = 1 + f. What is the units digit of t(o)?
3
Suppose 3*w = 2*d - 6546, -d - 4*w = -1007 - 2255. What is the tens digit of d?
7
Let f(n) = -3*n**3 + 2*n**2 + 5*n + 7. Let x be f(-4). What is the tens digit of x + -13 - ((-2)/2 - -1)?
9
Let z(s) = 5*s + 30. Let r be z(-8). Let g(q) = q**2 + 6*q + 13. What is the units digit of g(r)?
3
Suppose 146*n - 136*n - 15630 = 0. What is the thousands digit of n?
1
Suppose 8*b - 429 = -3*b. Suppose b - 139 = -5*x + 5*h, -2*h - 59 = -3*x. What is the units digit of x?
9
Let d(t) = -5*t**2 - 25*t - 8. Let z(j) = 2*j**2 + 13*j + 4. Let a(w) = -4*d(w) - 9*z(w). Let p be a(13). Let s = -47 + p. What is the units digit of s?
6
Let c(a) = -42*a + 472. What is the hundreds digit of c(-42)?
2
Let p(a) = a**3 + 5*a**2 + 3*a + 3. Let l be p(-4). Suppose -l = -2*w + 59. What is the units digit of 6/w - (-106)/22?
5
Let d(x) = -x**2 + 10*x + 26. Let c be d(12). What is the units digit of 203 - ((6 - 3) + c)?
8
Let a(v) = -4*v + 2. Let r(i) be the second derivative of -i**4/12 + 2*i**3/3 - 5*i**2/2 - 3*i. Let q be r(2). What is the units digit of a(q)?
6
Let s(r) = 14*r + 0*r**3 - 8 + r**3 - 12*r**2 - 17. Suppose -3*g - 5*w = -0 - 33, 5*w + 11 = g. What is the units digit of s(g)?
8
Let w(l) = 427*l**2 - 2*l + 1. What is the units digit of w(-1)?
0
Suppose 0 = 4*a + 2*p - 2072, -a + 2*p = 5*p - 513. What is the tens digit of a?
1
Let f(r) = 2*r**2 + 6*r. Let a be f(-5). Suppose -7*l = -2*l - a. Suppose 0 = x - 19 + l. What is the tens digit of x?
1
Let z(i) = -i**3 - 7*i**2 - 6*i + 19. What is the units digit of z(-14)?
5
Suppose 0 = 5*j + t - 2*t - 20635, j - 4118 = 2*t. What is the units digit of j?
8
Let j(w) = -2*w - 2. Let q be j(11). Let m be q/(-14) + (-4)/(-14). Suppose m*d = -2 + 62. What is the units digit of d?
0
Let u(m) = -m. Let q(f) = -30*f**3 + f**2 - 6*f - 1. Let t(p) = q(p) - 5*u(p). Let o = -1274 - -1273. What is the units digit of t(o)?
1
Suppose -14*t - 1061 = -13269. What is the hundreds digit of t?
8
Let j = 23 + -14. Suppose 0*k = 3*r + 5*k + 9, -j = 3*k. Suppose -2*u = -58 + r. What is the tens digit of u?
2
Let q be (2 + 2)/(1/2). Let m(h) = 2*h. Let l be m(q). Suppose l = -3*j + 4*j - 2*g, -4*j + 3*g + 64 = 0. What is the units digit of j?
6
Let x(a) = -5*a**3 + 5*a**2 - 5*a - 373. Let f(s) = s**3 - s**2 + s + 93. Let z(y) = 9*f(y) + 2*x(y). What is the unit